(-1 + u)/2 - 1.
2, 23
Suppose -33*d - 36470 = -43*d. What are the prime factors of d?
7, 521
What are the prime factors of (-174)/12*-36 - -4?
2, 263
Suppose -5*c = -4*m + 824, -3*c - 2*c + 1030 = 5*m. Suppose 2*r = 3*y - m, 3*y = -2*r + 3*r + 208. List the prime factors of y.
2, 5, 7
Suppose 7*x - 2*w - 14 = 4*x, -20 = -4*x + 3*w. Suppose -s - n + 163 - 27 = 0, x*n = 0. List the prime factors of s.
2, 17
Suppose 4*s + 2620 = 4*c, -3*c + 6*s - 9*s = -1935. List the prime factors of c.
2, 5, 13
Let s = 33 - 30. What are the prime factors of (213/s + -3)*(-2 - -4)?
2, 17
Suppose -2*x + 7 = -c, 4 = 3*x + c + 4*c. Let f be (-10)/x*9/(-6). What are the prime factors of (-315)/(-25) + 2/f?
13
Let j(l) = l**3 + 3*l**2 - 4*l - 4. Let y be j(-3). Let b be (-1 + 7/4)*y. Suppose -i = -4*x - 7, -b*x = -3*i - 2*x + 29. What are the prime factors of i?
11
Let o(j) be the third derivative of -j**6/120 + j**5/3 - 43*j**4/24 + 25*j**3/6 + 33*j**2. What are the prime factors of o(17)?
7, 23
What are the prime factors of (725/20 + 10)/(3/36)?
3, 5, 37
Let c(w) = 5*w**2 - 73*w + 27. What are the prime factors of c(19)?
5, 89
Let b(y) = 15*y**2 + 13*y - 66. What are the prime factors of b(-13)?
2, 5, 23
Let n(o) = -o**2 + 4. Let f be n(3). Let z(b) = -1. Let i(l) = -8*l + 16. Let p(h) = 2*i(h) + 44*z(h). What are the prime factors of p(f)?
2, 17
What are the prime factors of 17193/6 + (-3)/(0 - -6)?
3, 5, 191
Suppose -8*w + 3078 = w. Suppose 4*l + 70 = w. List the prime factors of l.
2, 17
Suppose -3*l - p + 1787 = -2125, 0 = -3*p. List the prime factors of l.
2, 163
Suppose 0 = 2*a + 3 + 9. What are the prime factors of (3/((-9)/300))/(a/6)?
2, 5
Let v be -1*(-4)/2*61. Suppose -2*y - v = -3*l + 2*y, l = 3*y + 49. List the prime factors of l.
2, 17
Let c = 4772 - 2435. List the prime factors of c.
3, 19, 41
Let k(f) = -f**2 - 7*f. Let h be k(-7). What are the prime factors of 1*30 - (h + -3)?
3, 11
Let h = -1337 - -2472. What are the prime factors of h?
5, 227
Let v be -3 - (2 - -4 - 3). Let g be 207/45 + v/10. Suppose -g = 2*o - 16. List the prime factors of o.
2, 3
Suppose -2*p + 50 = -62. Let w = p - 18. What are the prime factors of w?
2, 19
Suppose -4*m + 0*b - b + 1581 = 0, -b - 3 = 0. What are the prime factors of m?
2, 3, 11
Let z be (-15)/45 + (-1406)/(-6). Suppose -l = -10*l + z. List the prime factors of l.
2, 13
Let x = 7244 - 2556. List the prime factors of x.
2, 293
Let j = 758 - 352. List the prime factors of j.
2, 7, 29
Let b(v) = -2*v - 10. Let j be b(-6). Suppose -j*l - 3*o - 132 = -6*l, -o - 64 = -2*l. Suppose -l = 5*d - 10*d. List the prime factors of d.
2, 3
Let y(z) = 15*z**2 - 2*z + 2. Let t be 2 + 3/1 - 3. List the prime factors of y(t).
2, 29
Let i(b) = -b**2 - 14*b + 31. Let d be i(-15). Suppose -82 = -d*p + 14*p. List the prime factors of p.
41
Let i be 0 + 0 - (-24)/(-6). Let p(f) = 4*f**2 + 6*f + 5. List the prime factors of p(i).
3, 5
Let a(u) = -u**3 + 6*u**2 - 3*u + 6. Let k = 12 + -11. Let w be 0 - k*12/(-3). List the prime factors of a(w).
2, 13
Let j = -62 + 63. Let t(w) = 62*w**2 - 2*w + 1. What are the prime factors of t(j)?
61
Let g be 6/(-9)*(-6)/1. List the prime factors of g - -1*62 - -4.
2, 5, 7
Let n(l) = 21*l + 4. Let z be (-3)/(-6)*(2 - 0). List the prime factors of n(z).
5
Suppose 5*y + 5*x = -130, 3*y + 5*x - 4*x + 70 = 0. Let g(i) = 9*i**2 + 4*i - 4. Let p be g(2). Let b = p + y. What are the prime factors of b?
2, 3
Let x(n) be the third derivative of -n**6/120 - n**5/20 + 11*n**4/24 + 5*n**3/3 + 17*n**2. List the prime factors of x(-5).
5
Suppose -3*n = -9 - 9. Let w be -2 - (1 + -2)*n. What are the prime factors of 7*(-3)/(-6)*w?
2, 7
Suppose -757 = 4*s + 131. List the prime factors of (((-12)/(-4))/(-6))/(3/s).
37
What are the prime factors of 6/(-10) - (16134/(-15) - 1)?
2, 269
Let w = 7 + 9. Let n(u) = u**3 - 15*u**2 - 17*u + 8. Let q be n(w). Let x(l) = -5*l + 9. List the prime factors of x(q).
7
Let b be ((-40)/(-30))/((-2)/3). Let p be (-1)/b*112/(-7). List the prime factors of (-9)/(-2) + 12/p.
3
Suppose h - 2*h + 2 = 0. Let o(p) = 3*p**2 + 18 + p**3 - p**2 - p - p**h + 1. What are the prime factors of o(0)?
19
Let l(y) = 99 - y**2 + 2*y**2 - 96 - 4*y. List the prime factors of l(-7).
2, 5
What are the prime factors of ((2 - 2) + 267)*1?
3, 89
Suppose -c + 4*a = 3, -3*a + 2*a = -2. Let n(q) = 46*q**3 - q**2 + c*q**2 - 2*q - 3*q**2 + 1. What are the prime factors of n(1)?
2, 23
Let s(h) = -5*h**2 + 6*h + 12. Let b be s(7). Let g = b - -318. List the prime factors of g.
127
Suppose 40 = -7*w + 9*w. Let l = 20 - w. List the prime factors of 4 + l + (-3 - -65).
2, 3, 11
What are the prime factors of (-1419)/(-2)*(-7)/(105/(-10))?
11, 43
Suppose -5*k + 118 = 2*z, 0 = 2*z + 3*k + 5 - 127. Suppose 0 = -z*j + 69*j - 30. List the prime factors of j.
2, 3
Let i(f) = f**3 + 15*f**2 - 17*f - 12. Let u be i(-16). Suppose -a = u*q - 0*a - 284, -2*q + 140 = a. What are the prime factors of q?
2, 3
Let s(m) = 2*m**2 - 7*m + 14. List the prime factors of s(7).
3, 7
Let n(x) = -x**2 - 17*x + 6. Let y be n(-15). Suppose 5*v - y = 2*v. What are the prime factors of v?
2, 3
Let q be -1 - 1737/(-12) - (-4)/16. List the prime factors of q/(-21)*(-14)/1.
2, 3
Suppose -40*y + 124256 = -8*y. What are the prime factors of y?
11, 353
Suppose -3*f = -2*r + 24, -8 = -5*r + r - 4*f. Suppose r = -4*l - 6. What are the prime factors of ((-30)/9)/(l/27)?
2, 3, 5
Let c = -129 - -73. Let u = c + 123. List the prime factors of u.
67
Suppose 15 = -3*t, -5*t + 7*t = 5*h - 3035. List the prime factors of h.
5, 11
List the prime factors of (-3 - (7 - 4)) + 79.
73
Let u = -23 - -57. Let h be (-3)/(-3) + (2 - 23). Let n = u + h. List the prime factors of n.
2, 7
Let a(j) = j**3 + 4*j**2 - 7. Let w be a(-3). Suppose -2820 = -w*o - 0*o. List the prime factors of o/45 + (-2)/6.
31
Let y = 577 + -573. What are the prime factors of y?
2
Let w be (0 + -5)*6/(-5). Let a be 10*(22/5 - 5). What are the prime factors of 339/w + a/(-12)?
3, 19
Suppose -14 = 2*z - 14. Let u(d) = -4*d + 2. What are the prime factors of u(z)?
2
Let g(l) = -l**3 + 5*l**2 + l + 5. Let p be g(7). Let x = p + 276. List the prime factors of x.
2, 5, 19
Let f be (-26)/117 - 536/18. Let q = -11 + 7. What are the prime factors of q/5 - 864/f?
2, 7
What are the prime factors of ((-186)/4)/(6/(-60))?
3, 5, 31
Let h(c) = -5*c**3 + 2*c**2 - 1. Let w be h(1). Let o be (-27)/(-6)*w/(-9). List the prime factors of (-1)/(1/(-15 + o)).
13
List the prime factors of (1 + 2)*(-11)/((-66)/568).
2, 71
Let n = 302 + -100. What are the prime factors of n?
2, 101
Let f be (-65)/(-25) + (-2)/(-5). Let s be f/(6/(-388)) + 0. List the prime factors of 2/(-6) - s/6.
2
Suppose 0 = 2*f - 3 + 21. Let k = -49 + 77. Let o = k + f. List the prime factors of o.
19
Suppose -12*n = -4*n. Suppose -p + 4*g + 106 = n, -3*g + 2*g - 112 = -p. List the prime factors of p.
2, 3, 19
Suppose 2*x + 146 = 4*s, 6*x - 3*x = -9. Suppose 0 - s = -5*d. List the prime factors of d.
7
Let o be ((-18)/15)/(2/(-5)). Suppose -2*w - 3*w - 370 = -o*q, 0 = q + 3*w - 100. Suppose -f - 4*f + q = 0. What are the prime factors of f?
23
Let k(v) = -204*v**3 + v + 1. Let s be k(-1). Let m = s - 100. What are the prime factors of m?
2, 13
Let v be -2 + 285/(10/2). Let g = v - -8. List the prime factors of g.
3, 7
Suppose 2*v = -v + 9. Let f = 16 - 9. Suppose -v*x = -f*x + 4*s + 204, -5*s = -15. List the prime factors of x.
2, 3
Let l(t) = -3*t + 2 - 2 + 1 + 3. Let i be l(9). Let x = 18 - i. List the prime factors of x.
41
Let s(a) = a + 2. Let u be s(2). Suppose 3*p - 6 = 3*w, 4*w + u + 3 = 3*p. Let n(z) = 18*z**2 - 2*z + 2. What are the prime factors of n(p)?
2, 3
What are the prime factors of (2 - 1 - -2) + 1207?
2, 5, 11
Suppose -75*t = -65*t - 30250. What are the prime factors of t?
5, 11
Let x = 866 - 631. What are the prime factors of x?
5, 47
Let j(q) = 2*q - 15. Let m be j(11). Let t(a) = a + 19. Let x be t(-13). Suppose r - m = x. What are the prime factors of r?
13
Let y(a) be the third derivative of -a**4/24 + 5*a**3/3 - 5*a**2. Let s be y(9). List the prime factors of 27/s + 9 + -6.
2, 3, 5
List the prime factors of (-13)/((-728)/744) - 2/7.
13
Let b(r) = -10*r - r - 1 - 3 + 3. List the prime factors of b(-11).
2, 3, 5
Suppose -43